mainder when 28626 is divided by 382.
358
Calculate the remainder when 911 is divided by 3.
2
Calculate the remainder when 68264 is divided by 237.
8
Calculate the remainder when 14110 is divided by 7040.
30
What is the remainder when 173701 is divided by 84?
73
What is the remainder when 983689 is divided by 8862?
7
Calculate the remainder when 185918 is divided by 297.
293
Calculate the remainder when 161085 is divided by 192.
189
Calculate the remainder when 1331 is divided by 107.
47
Calculate the remainder when 4499 is divided by 1128.
1115
Calculate the remainder when 27686 is divided by 42.
8
What is the remainder when 190865 is divided by 21206?
11
Calculate the remainder when 144718 is divided by 30.
28
Calculate the remainder when 173488 is divided by 56.
0
Calculate the remainder when 3378 is divided by 3316.
62
Calculate the remainder when 652671 is divided by 726.
723
What is the remainder when 11506 is divided by 16?
2
Calculate the remainder when 460805 is divided by 11239.
6
Calculate the remainder when 3006 is divided by 45.
36
Calculate the remainder when 6802 is divided by 237.
166
What is the remainder when 82312 is divided by 2568?
136
Calculate the remainder when 98477 is divided by 251.
85
What is the remainder when 1693 is divided by 125?
68
What is the remainder when 5900 is divided by 129?
95
What is the remainder when 51503 is divided by 151?
12
Calculate the remainder when 1199 is divided by 538.
123
What is the remainder when 9517 is divided by 632?
37
What is the remainder when 56817 is divided by 21?
12
Calculate the remainder when 17782 is divided by 15.
7
What is the remainder when 2673 is divided by 1907?
766
Calculate the remainder when 33430 is divided by 3713.
13
What is the remainder when 106043 is divided by 35344?
11
What is the remainder when 2477863 is divided by 5?
3
What is the remainder when 37494 is divided by 10?
4
Calculate the remainder when 179591 is divided by 14.
13
Calculate the remainder when 23755 is divided by 102.
91
Calculate the remainder when 4044 is divided by 217.
138
Calculate the remainder when 1423640 is divided by 12.
8
What is the remainder when 18277 is divided by 26?
25
Calculate the remainder when 12087 is divided by 195.
192
What is the remainder when 336138 is divided by 153?
150
What is the remainder when 2885084 is divided by 301?
300
Calculate the remainder when 1047 is divided by 194.
77
What is the remainder when 8417 is divided by 1105?
682
What is the remainder when 165269 is divided by 12?
5
Calculate the remainder when 15329239 is divided by 17.
16
Calculate the remainder when 29070 is divided by 93.
54
What is the remainder when 510396 is divided by 6301?
15
Calculate the remainder when 7701 is divided by 414.
249
What is the remainder when 90233 is divided by 902?
33
Calculate the remainder when 219836 is divided by 774.
20
Calculate the remainder when 58880 is divided by 736.
0
What is the remainder when 6858 is divided by 13?
7
Calculate the remainder when 108915 is divided by 3109.
100
Calculate the remainder when 1253 is divided by 52.
5
What is the remainder when 43905 is divided by 151?
115
Calculate the remainder when 130935 is divided by 949.
922
What is the remainder when 2844 is divided by 75?
69
What is the remainder when 1390357 is divided by 19?
13
Calculate the remainder when 11936 is divided by 261.
191
Calculate the remainder when 47051 is divided by 362.
353
What is the remainder when 4568 is divided by 1008?
536
Calculate the remainder when 114468 is divided by 7.
4
Calculate the remainder when 7835 is divided by 33.
14
What is the remainder when 17155 is divided by 78?
73
Calculate the remainder when 2047 is divided by 503.
35
What is the remainder when 5628 is divided by 854?
504
What is the remainder when 83 is divided by 28?
27
Calculate the remainder when 8500 is divided by 230.
220
Calculate the remainder when 38355 is divided by 57.
51
Calculate the remainder when 13115 is divided by 2218.
2025
Calculate the remainder when 323249 is divided by 80811.
5
What is the remainder when 52663 is divided by 1122?
1051
What is the remainder when 1620 is divided by 515?
75
What is the remainder when 6452751 is divided by 226?
225
Calculate the remainder when 1391 is divided by 156.
143
Calculate the remainder when 15616 is divided by 7806.
4
What is the remainder when 5264 is divided by 187?
28
Calculate the remainder when 2630 is divided by 169.
95
What is the remainder when 1044300 is divided by 139?
132
What is the remainder when 44420 is divided by 4925?
95
Calculate the remainder when 63418 is divided by 4525.
68
Calculate the remainder when 8467 is divided by 847.
844
Calculate the remainder when 158183 is divided by 507.
506
What is the remainder when 223500 is divided by 234?
30
Calculate the remainder when 6348 is divided by 87.
84
Calculate the remainder when 748506 is divided by 29.
16
What is the remainder when 927 is divided by 186?
183
What is the remainder when 122792 is divided by 205?
202
Calculate the remainder when 720895 is divided by 263.
12
What is the remainder when 314604 is divided by 52434?
0
Calculate the remainder when 540019 is divided by 17.
14
Calculate the remainder when 64489 is divided by 92.
89
What is the remainder when 16306 is divided by 420?
346
Calculate the remainder when 2194 is divided by 1044.
106
Calculate the remainder when 310232 is divided by 21.
20
Calculate the remainder when 228994 is divided by 283.
47
What is the remainder when 29001 is divided by 86?
19
Calculate the remainder when 5502 is divided by 3.
0
What is the remainder when 7132 is divided by 1746?
148
What is the remainder when 834758 is divided by 23?
19
Calculate the remainder when 79300 is divided by 424.
12
Calculate the remainder when 1283841 is divided by 4012.
1
Calculate the remainder when 4794 is divided by 32.
26
What is the remainder when 4476 is divided by 2232?
12
What is the remainder when 98258 is divided by 98251?
7
Calculate the remainder when 5748 is divided by 272.
36
Calculate the remainder when 7807 is divided by 166.
5
What is the remainder when 6910 is divided by 2168?
406
Calculate the remainder when 25382 is divided by 39.
32
What is the remainder when 312493 is divided by 10?
3
Calculate the remainder when 57339 is divided by 19093.
60
What is the remainder when 6791 is divided by 2175?
266
What is the remainder when 10810 is divided by 61?
13
What is the remainder when 8391 is divided by 41?
27
Calculate the remainder when 206008 is divided by 327.
325
Calculate the remainder when 22351 is divided by 11085.
181
What is the remainder when 5493 is divided by 29?
12
What is the remainder when 647 is divided by 161?
3
Calculate the remainder when 13037 is divided by 382.
49
Calculate the remainder when 3606 is divided by 1773.
60
What is the remainder when 2248 is divided by 37?
28
What is the remainder when 1118 is divided by 305?
203
What is the remainder when 3668802 is divided by 1324?
1322
What is the remainder when 6305 is divided by 17?
15
What is the remainder when 42117 is divided by 130?
127
What is the remainder when 10063 is divided by 84?
67
Calculate the remainder when 548697 is divided by 590.
587
Calculate the remainder when 47 is divided by 33.
14
Calculate the remainder when 120091 is divided by 31.
28
What is the remainder when 31728 is divided by 15862?
4
What is the remainder when 12563396 is divided by 2079?
2078
Calculate the remainder when 9386 is divided by 1650.
1136
Calculate the remainder when 291074 is divided by 29.
1
Calculate the remainder when 4991 is divided by 79.
14
What is the remainder when 2015 is divided by 15?
5
Calculate the remainder when 34601 is divided by 329.
56
What is the remainder when 131472 is divided by 1529?
1507
Calculate the remainder when 276736 is divided by 6.
4
Calculate the remainder when 26736 is divided by 191.
187
What is the remainder when 32903 is divided by 471?
404
Calculate the remainder when 15148 is divided by 632.
612
Calculate the remainder when 479012 is divided by 105.
2
What is the remainder when 80107 is divided by 463?
8
Calculate the remainder when 1263598 is divided by 20.
18
What is the remainder when 460804 is divided by 65829?
